e the remainder when 972 is divided by l.
0
Let j(f) = 10*f - 4. What is the remainder when j(8) is divided by (-312)/(-120)*(5 - -10)?
37
Suppose 89*f + 364 - 2055 = 0. Let g(v) = v**3 + 9*v**2 - 13*v + 7. What is the remainder when g(-10) is divided by f?
18
Let v = 108 - 75. Suppose 0 = -22*p + 1198 - 279 + 313. Calculate the remainder when p is divided by v.
23
Let x(v) = -v**2 + v + 22. Suppose 5*n - 525 = 1207*b - 1202*b, -n - 5*b = -105. Calculate the remainder when n is divided by x(0).
17
Let o = -44 - -91. Calculate the remainder when o is divided by (81/27 + 10/(-4))*74.
10
Let s be 7 + 3 + (-1 - -1) + 0. Let q = s - 6. Suppose q*z = 12, -2*w + 3*z + 1 + 4 = 0. Calculate the remainder when 26 is divided by w.
5
Let g(b) = b**3 + 8*b**2 - 240*b - 2101. What is the remainder when g(-10) is divided by 2/(-9) + 978/27?
27
What is the remainder when (10/(-15))/(1/(-13890)*4) is divided by 22?
5
Suppose 30*y = -g + 33*y + 62, 5*y = 5*g - 270. What is the remainder when 1164 is divided by g?
14
Calculate the remainder when (-18)/(-63) - 1172/(-14) is divided by 9 - ((-3)/3 - 7).
16
Let y = 292 - 265. What is the remainder when 1614/10 - 8/20 is divided by y?
26
What is the remainder when (37 + -197)/(1*-2) is divided by 18?
8
Let h(j) = 23*j**2 - 11*j - 13. Let s be h(-4). Suppose n = -393 + s. Calculate the remainder when 88 is divided by n.
4
Let n = 110 - 201. Let c = -91 - n. Suppose -3*s = -3*v - v - 54, -s - v + 18 = c. Calculate the remainder when 49 is divided by s.
13
Suppose 1981 - 473 = 5*x - s, s + 304 = x. What is the remainder when x is divided by (-34)/(((-4)/(-2))/(-1))?
12
Let a = -92 - -129. Let x = 0 + a. Suppose -4*k + n + 739 = 0, -k - 780*n = -784*n - 196. What is the remainder when k is divided by x?
36
Suppose 5*s + 703 = 4*u - 652, -1356 = -4*u + 4*s. What is the remainder when u is divided by 15?
10
Let u = 4520 - 4425. Calculate the remainder when u is divided by 22.
7
Suppose -233*g + 3105 = 240*g - 446*g. Suppose -97 = -c + 4*d, 375 = 5*c + 4*d - 2*d. Let o = c + -43. What is the remainder when g is divided by o?
13
Suppose 20*j + 5*t - 256 = 18*j, -342 = -3*j + 3*t. Calculate the remainder when 466 is divided by j.
112
Let t(q) be the second derivative of -q**5/10 + q**2 - q. Let l = -634560 - -634618. What is the remainder when l is divided by t(-2)?
4
Let d = 70 + -57. Suppose 14*x = d + 169. What is the remainder when 129 is divided by x?
12
Let p = 22 - 9. Let v = -113 + 147. Calculate the remainder when 68/(-3)*(-51)/v is divided by p.
8
Suppose 0 = -5*u + 10, 4*r - 78 = 2*r + 5*u. Suppose 61 = 2*q + 2*q + 3*p, 3 = p. Calculate the remainder when r is divided by q.
5
What is the remainder when 171 is divided by 54/(-4)*(34/(-6) + (20 - 15))?
0
Suppose -4*u + 5846 = 3*w, -2*w - 299*u + 3874 = -301*u. What is the remainder when w is divided by 1934?
8
Let y be ((-6)/(-9))/(14/84). Suppose -5*b = -l - 28, b + l = -y*l + 16. What is the remainder when 249 is divided by b?
3
Let y = 7861 - 3784. What is the remainder when y is divided by 678?
9
Let w be 26 - 22 - -8*1. Let x = 19 + w. Calculate the remainder when 59 is divided by x.
28
Let p = -3933 - -7044. What is the remainder when p is divided by 35?
31
Let l(g) = -g + 16. Let q be l(-9). Suppose 2*v - 21 = 5*o + q, 3*o + 12 = 0. Calculate the remainder when 6/15 - (-496)/10 is divided by v.
11
Suppose -5*g - 4*k = -8, -6*k = 4*g - 3*k - 7. Suppose g*z + 2*q + 3*q = 1276, -4*z + 4*q + 1240 = 0. Calculate the remainder when z is divided by 79.
77
Let x = 3 + 27. Let b(a) = 14*a + 641. What is the remainder when x is divided by b(-45)?
8
Suppose -2*b + 3*d + 404 + 301 = 0, 3*d = -2*b + 675. What is the remainder when b is divided by 35?
30
Suppose 25*u = -25*u + 12445 + 9655. What is the remainder when u is divided by 10?
2
Suppose -3*f + 3*t = -9, -2*f - 2*t + 1 = -1. Suppose 0*y = 6*y + f*y. Suppose y = -8*r + 13*r - 15. What is the remainder when 9 is divided by r?
0
Suppose 2*v + 0*v - n - 12 = 0, 8 = 2*v - 2*n. Suppose 5*c - 130 = -v*c. Calculate the remainder when 37 is divided by c.
7
Suppose 477*m - 490*m = -2119. What is the remainder when m is divided by 36?
19
Suppose 104*y = 106*y - 8, 2*q - 78 = -2*y. Calculate the remainder when 53 is divided by q.
18
Let y = 8247 - 8080. Calculate the remainder when y is divided by 109.
58
Suppose 0 = 5*j - 4*g - 594, 11*j = 13*j + 3*g - 233. Let n(m) = -2*m - 10. Calculate the remainder when j is divided by n(-9).
6
Let v(d) = 2*d**3 - 5*d**2 + 367*d - 1861. Let h(n) = 4*n. Calculate the remainder when v(5) is divided by h(6).
3
Let o(q) = q**3 + 2. Suppose 2*g = 5*g. Let b be o(g). Suppose b*h = -5*c + 75, 222 = 4*h + c + 45. What is the remainder when h is divided by 12?
9
Suppose 3*g - 7*g - 2*r - 476 = 0, -364 = 3*g - 2*r. Calculate the remainder when 129 is divided by (-422)/(-8) + g/(-96).
21
Let n be (-6)/12*(-5 + -1). What is the remainder when 1*(-436)/(-12)*n is divided by 10?
9
Suppose -5*w = 4*h - 202, -33*h + 35*h + 3*w - 104 = 0. Calculate the remainder when 926 is divided by h.
23
Let x(m) = 26*m**3 - m**2 + 2*m - 1. Suppose -4 = -2*i + 2*y, -i - 2 - 1 = 4*y. Calculate the remainder when x(i) is divided by 15.
11
Suppose -5*f + 265 = -m, -175*m - 265 = -5*f - 172*m. Let x = -185 + 342. What is the remainder when x is divided by f?
51
Let k(r) = -10*r**2 + 172*r - 26. Calculate the remainder when k(7) is divided by 13.
12
Let x(h) = -2*h + 3. Suppose -466 = 8*j - 18. Let f = -51 - j. Calculate the remainder when x(-2) is divided by f.
2
Suppose 18*n = 17*n + 168. Suppose -n = 3*x - 6*x. Let k(h) = -82*h - 271. What is the remainder when k(-6) is divided by x?
53
Let w = 186 - 226. What is the remainder when 13 is divided by 15/(-10)*w/15?
1
Suppose -281*v + 2002 = r - 284*v, 10021 = 5*r - 4*v. Calculate the remainder when r is divided by 34.
33
Suppose -5*r - 7*c + 170 = -1552, 2*r - 3*c - 683 = 0. Calculate the remainder when r is divided by 3.
1
Suppose -4*l + 140 = r, -58*r - 3*l = -61*r + 525. What is the remainder when r is divided by 46?
30
Suppose 0*h - h + 132 = 0. What is the remainder when h is divided by ((-272)/(-20))/((-46)/(-230))?
64
Suppose 0 = -2*a - 10, 5*h - 5*a - 3 = -8. Calculate the remainder when 42 is divided by 291/18 + (-5)/(h + 36).
10
Suppose 140 = p - 5*m, -p + 4*m + 128 + 8 = 0. Suppose 5*g - p = 3*g. What is the remainder when 115 is divided by g?
55
Let c(x) = 28*x - 19. Let b be c(-3). Let r = b + 198. Suppose -4*q = j - r, -2*q - 4*j = j - 61. Calculate the remainder when q is divided by 5.
3
Suppose 17 + 17 = 2*m. Let v = 16 + m. What is the remainder when v is divided by 8 + ((-6)/3)/(-2)?
6
Suppose 0 = k - 2*k - y + 29, -2*y = 2. Let u = k + -25. Let o = u + 28. What is the remainder when o is divided by 7?
5
Suppose -4*w + 42*v - 40*v + 1518 = 0, -w + v = -378. Calculate the remainder when w is divided by 37.
11
Suppose 5*j - 3174 - 4026 = 0. Suppose 0*d - j = -30*d. What is the remainder when d is divided by 35?
13
Calculate the remainder when ((-2)/4)/(135/(-83700)) is divided by 21.
16
Let i be 7*(3/1 + 7). Let c(j) = -4*j + i - 59 - 55. Calculate the remainder when c(-16) is divided by 3.
2
Calculate the remainder when (0 + -20)/((-28)/175) is divided by 65.
60
Let g = 4218 + -3060. Calculate the remainder when g is divided by 27.
24
Let o(z) = -25*z**2 - 2*z. Let a be o(-2). Let j = a + 141. Suppose -9*t = -j - 90. Calculate the remainder when 27 is divided by t.
12
Suppose 0 = 2*q + 614 - 256. Let j = -169 - q. Calculate the remainder when 30 is divided by j.
0
Let n(f) = -5 + 12*f + 4 - 5*f - 7. Calculate the remainder when (48/(-20))/6 + (-741)/(-15) is divided by n(3).
10
Suppose 8*d + 5*d - 1742 = 0. Suppose 2*h + 3*i - 9 = 0, 16 + 35 = 5*h - 2*i. What is the remainder when d is divided by h?
8
What is the remainder when 873 is divided by 1/(-3)*(-70 + (-3)/(-9)*-15)?
23
What is the remainder when 5579 is divided by (492/(-492))/((-1)/(-248)*-2)?
123
Calculate the remainder when 430 is divided by (0 - -60) + (80/(-5) - -13).
31
Let t = -253 - -298. Let z = 597 - 418. Calculate the remainder when z is divided by (-183)/(-15) + (5 - 234/t).
11
Let p(c) = -17*c - 47. Let g be (-6 + 4 + 0)*-15. Suppose -6*x - 18 = g. Calculate the remainder when p